{"id":180,"date":"2018-06-19T10:44:17","date_gmt":"2018-06-19T10:44:17","guid":{"rendered":"https:\/\/qmotive.agency\/?page_id=180"},"modified":"2022-08-17T11:27:23","modified_gmt":"2022-08-17T11:27:23","slug":"about-us","status":"publish","type":"page","link":"https:\/\/qmotive.agency\/?page_id=180","title":{"rendered":"About Us"},"content":{"rendered":"<section>\n<h1>\u00dcBER UNS<\/h1>\n<\/section>\n<p><a href=\"https:\/\/qmotive.agency\/\">Home<\/a><\/p>\n<section>\n<h2>Wie alles begann<\/h2>\n<h1>DIE GESCHICHTE<br \/>\nDER HAARGALERIE<\/h1>\n<p>Mit \u00fcber <strong>20 Erfolgsjahren<\/strong> ist die Haargalerie nicht nur ein Friseur in Fellbach sondern mittlerweile eine Institution in Fellbach. Vor den Toren Stuttgarts Unser h\u00f6chstes Ziel, Sie als Kunden zu begeistern, steckt tief in unseren Genen und ist ein unverr\u00fcckbarer Bestandteil unsere Firmenphilosophie.<\/p>\n<p>Perfektion in Schnitt und Styling, eine auf Sie zugeschnittene, typgerechte und Ihren W\u00fcnschen entsprechende Beratung bestimmt unsere t\u00e4gliche Arbeit.<\/p>\n<p>Wir laden Sie herzlich ein, sich Ihr eigenes Bild zu machen. Kommen Sie vorbei, wir beraten Sie ganz unverbindlich. Jede Frisur ist einzigartig und individuell, so wie Sie. In Ihrem Kopf und auf Ihrem Kopf f\u00e4ngt jede Ver\u00e4nderung an. Wie der letzte Schliff den Diamanten zum Funkeln bringt, ist es bei Ihnen die Frisur.<\/p>\n<\/section>\n<section><img loading=\"lazy\" src=\"data:image\/gif;base64,R0lGODlhAQABAIAAAAAAAP\/\/\/yH5BAEAAAAALAAAAAABAAEAAAIBRAA7\" sizes=\"auto\" alt=\"salondrau\u00dfen\" width=\"784\" height=\"700\" data-ratio=\"1.12\" data-original-w=\"2560\" data-srcset=\"https:\/\/qmotive.agency\/wp-content\/uploads\/2022\/03\/salondrausen-scaled-150x134.jpg 150w,https:\/\/qmotive.agency\/wp-content\/uploads\/2022\/03\/salondrausen-scaled-300x268.jpg 300w,https:\/\/qmotive.agency\/wp-content\/uploads\/2022\/03\/salondrausen-scaled-768x686.jpg 768w,https:\/\/qmotive.agency\/wp-content\/uploads\/2022\/03\/salondrausen-scaled-1024x914.jpg 1024w,https:\/\/qmotive.agency\/wp-content\/uploads\/2022\/03\/salondrausen-scaled-784x700.jpg 784w\" data-src=\"https:\/\/qmotive.agency\/wp-content\/uploads\/2022\/03\/salondrausen-scaled-784x700.jpg\" \/><\/section>\n<p><!-- widget-container --><\/p>\n<section><img loading=\"lazy\" src=\"data:image\/gif;base64,R0lGODlhAQABAIAAAAAAAP\/\/\/yH5BAEAAAAALAAAAAABAAEAAAIBRAA7\" sizes=\"auto\" alt=\"IMG_0895\" width=\"784\" height=\"683\" data-ratio=\"1.12\" data-original-w=\"1024\" data-srcset=\"https:\/\/qmotive.agency\/wp-content\/uploads\/2022\/04\/IMG_0895-150x134.jpg 150w,https:\/\/qmotive.agency\/wp-content\/uploads\/2022\/04\/IMG_0895-300x268.jpg 300w,https:\/\/qmotive.agency\/wp-content\/uploads\/2022\/04\/IMG_0895-768x686.jpg 768w,https:\/\/qmotive.agency\/wp-content\/uploads\/2022\/04\/IMG_0895-784x700.jpg 784w\" data-src=\"https:\/\/qmotive.agency\/wp-content\/uploads\/2022\/04\/IMG_0895-784x700.jpg\" \/><\/section>\n<p><!-- widget-container --><\/p>\n<section>\n<h2><\/h2>\n<h1>WE ARE<br \/>\nFAMILY<\/h1>\n<p>Die Haargalerie im Herzen von Fellbach ist ein Familienunternehmen mit Tradition. Alles begann als die preisgekr\u00f6nte Serpil Illhan,\u00a0 ihrem Traum folgte, einen eigenen Salon zu er\u00f6ffnen und die h\u00f6chste Qualit\u00e4t an Service, dem Hairdesign und\u00a0 mit atemberaubenden Styling-Konzepten, K\u00f6pfe Ihrer Kunden noch sch\u00f6ner zu gestalten.<\/p>\n<p>Herzblut folgte sie Ihrer Leidenschaft, bis im Jahr 2015 der TV-Sender RTL an Ihre RTL klopfte um eine Reportage zu drehen. Die Fellbach Zeitung folgte &#8230;<\/p>\n<p>Heute arbeitet Serpil noch immer an Ihrem Traum. Ihre beiden Nichten sind Teil des Teams. Gemeinsam. Tag f\u00fcr Tag.\u00a0 Erschaffen sie einzigartige Look&#8217;s auf h\u00f6chstem Niveau.<\/p>\n<p>Wenn man uns fragen w\u00fcrde: W\u00fcrden wir sagen unsere\u00a0 Kunden und wir, die Hairdesigner &amp; Stylingexperten sind eine gro\u00dfe Familie. Mit einem Ziel: Wundersch\u00f6n zu wirken.<\/p>\n<\/section>\n<section>\n<h2>LET&#8217;S MAKE WONDERS.<br \/>\nTOGETHER.<\/h2>\n<\/section>\n<p><a href=\"#\"><br \/>\nStart new project<br \/>\n<\/a><\/p>\n<section>\n<h2>UNSER WARUM.<\/h2>\n<h1>DAS BESONDERE.<br \/>\nDIE HAARGALERIE.<\/h1>\n<p>Wir gehen stetig neue Wege. Wir gehen mit der Zeit, kreieren einzigartigen Look&#8217;s, kombiniert mit den neusten Trends. \u00a0Wir legen gro\u00dfen Wert auf Details und Perfektion und erforschen und entwickeln st\u00e4ndig neue Techniken, um die beste Version von Ihnen und Ihren Haaren zu designen. Unser Ziel ist die beste Qualit\u00e4t Ihre Haare zum Vorschein zu bringen. Das Streben nach Exzellenz geht jedoch \u00fcber die Qualit\u00e4t unserer F\u00e4higkeiten hinaus, es umfasst auch die Auswahl unserer Partner, das Design und den Standort das Gesch\u00e4fts, die Beratungsgespr\u00e4che und die F\u00e4higkeit unsere Kunden in die Welt von Haargalerie eintauchen zu lassen.<\/p>\n<\/section>\n<section><img loading=\"lazy\" src=\"data:image\/gif;base64,R0lGODlhAQABAIAAAAAAAP\/\/\/yH5BAEAAAAALAAAAAABAAEAAAIBRAA7\" alt=\"team\" width=\"2420\" height=\"1576\" data-ratio=\"1.54\" data-original-w=\"2420\" data-src=\"https:\/\/qmotive.agency\/wp-content\/uploads\/2022\/06\/team.jpg\" \/><\/section>\n<p><!-- widget-container --><\/p>\n<section>\n<h2>LET&#8217;S MAKE WONDERS.<br \/>\nTOGETHER.<\/h2>\n<\/section>\n<p><a href=\"#\"><br \/>\nStart new project<br \/>\n<\/a><\/p>\n<section>\n<figure><a href=\"https:\/\/qmotive.agency\/wp-content\/uploads\/2022\/04\/IMG_0098.jpg\" data-elementor-open-lightbox=\"no\" data-original-width=\"1024\" data-original-height=\"683\" data-caption=\"IMG_0098\"><br \/>\n<img loading=\"lazy\" src=\"https:\/\/qmotive.agency\/wp-content\/uploads\/2022\/04\/IMG_0098-300x300.jpg\" sizes=\"(max-width:767px) 100vw,(min-width:768px) and (max-width:1025px) 50vw,480px\" srcset=\"https:\/\/qmotive.agency\/wp-content\/uploads\/2022\/04\/IMG_0098-150x150.jpg 150w,https:\/\/qmotive.agency\/wp-content\/uploads\/2022\/04\/IMG_0098-300x300.jpg 300w,https:\/\/qmotive.agency\/wp-content\/uploads\/2022\/04\/IMG_0098-768x683.jpg 768w,https:\/\/qmotive.agency\/wp-content\/uploads\/2022\/04\/IMG_0098-300x300.jpg 300w,https:\/\/qmotive.agency\/wp-content\/uploads\/2022\/04\/IMG_0098-1014x1014.jpg 1014w\" alt=\"IMG_0098\" width=\"300\" height=\"300\" data-ratio=\"1\" data-original-w=\"1024\" \/> <\/a><\/figure>\n<figure><a href=\"https:\/\/qmotive.agency\/wp-content\/uploads\/2022\/04\/IMG_0895.jpg\" data-elementor-open-lightbox=\"no\" data-original-width=\"1024\" data-original-height=\"683\" data-caption=\"IMG_0895\"><br \/>\n<img loading=\"lazy\" src=\"https:\/\/qmotive.agency\/wp-content\/uploads\/2022\/04\/IMG_0895-300x300.jpg\" sizes=\"(max-width:767px) 100vw,(min-width:768px) and (max-width:1025px) 50vw,480px\" srcset=\"https:\/\/qmotive.agency\/wp-content\/uploads\/2022\/04\/IMG_0895-150x150.jpg 150w,https:\/\/qmotive.agency\/wp-content\/uploads\/2022\/04\/IMG_0895-300x300.jpg 300w,https:\/\/qmotive.agency\/wp-content\/uploads\/2022\/04\/IMG_0895-768x683.jpg 768w,https:\/\/qmotive.agency\/wp-content\/uploads\/2022\/04\/IMG_0895-300x300.jpg 300w,https:\/\/qmotive.agency\/wp-content\/uploads\/2022\/04\/IMG_0895-1014x1014.jpg 1014w\" alt=\"IMG_0895\" width=\"300\" height=\"300\" data-ratio=\"1\" data-original-w=\"1024\" \/> <\/a><\/figure>\n<figure><a href=\"https:\/\/qmotive.agency\/wp-content\/uploads\/2022\/04\/kaffeekopf.jpg\" data-elementor-open-lightbox=\"no\" data-original-width=\"768\" data-original-height=\"1024\" data-caption=\"kaffeekopf\"><br \/>\n<img loading=\"lazy\" src=\"https:\/\/qmotive.agency\/wp-content\/uploads\/2022\/04\/kaffeekopf-300x300.jpg\" sizes=\"(max-width:767px) 100vw,(min-width:768px) and (max-width:1025px) 50vw,480px\" srcset=\"https:\/\/qmotive.agency\/wp-content\/uploads\/2022\/04\/kaffeekopf-150x150.jpg 150w,https:\/\/qmotive.agency\/wp-content\/uploads\/2022\/04\/kaffeekopf-300x300.jpg 300w,https:\/\/qmotive.agency\/wp-content\/uploads\/2022\/04\/kaffeekopf-300x300.jpg 300w,https:\/\/qmotive.agency\/wp-content\/uploads\/2022\/04\/kaffeekopf-758x758.jpg 758w\" alt=\"kaffeekopf\" width=\"300\" height=\"300\" data-ratio=\"1\" data-original-w=\"768\" \/> <\/a><\/figure>\n<figure><a href=\"https:\/\/qmotive.agency\/wp-content\/uploads\/2022\/04\/salondrausen.jpg\" data-elementor-open-lightbox=\"no\" data-original-width=\"1024\" data-original-height=\"768\" data-caption=\"salondrau\u00dfen\"><br \/>\n<img loading=\"lazy\" src=\"https:\/\/qmotive.agency\/wp-content\/uploads\/2022\/04\/salondrausen-300x300.jpg\" sizes=\"(max-width:767px) 100vw,(min-width:768px) and (max-width:1025px) 50vw,480px\" srcset=\"https:\/\/qmotive.agency\/wp-content\/uploads\/2022\/04\/salondrausen-150x150.jpg 150w,https:\/\/qmotive.agency\/wp-content\/uploads\/2022\/04\/salondrausen-300x300.jpg 300w,https:\/\/qmotive.agency\/wp-content\/uploads\/2022\/04\/salondrausen-768x768.jpg 768w,https:\/\/qmotive.agency\/wp-content\/uploads\/2022\/04\/salondrausen-300x300.jpg 300w,https:\/\/qmotive.agency\/wp-content\/uploads\/2022\/04\/salondrausen-1014x1014.jpg 1014w\" alt=\"salondrau\u00dfen\" width=\"300\" height=\"300\" data-ratio=\"1\" data-original-w=\"1024\" \/> <\/a><\/figure>\n<figure><a href=\"https:\/\/qmotive.agency\/wp-content\/uploads\/2022\/04\/IMG_0741.jpg\" data-elementor-open-lightbox=\"no\" data-original-width=\"1024\" data-original-height=\"1536\" data-caption=\"IMG_0741\"><br \/>\n<img loading=\"lazy\" src=\"https:\/\/qmotive.agency\/wp-content\/uploads\/2022\/04\/IMG_0741-300x300.jpg\" sizes=\"(max-width:767px) 100vw,(min-width:768px) and (max-width:1025px) 50vw,480px\" srcset=\"https:\/\/qmotive.agency\/wp-content\/uploads\/2022\/04\/IMG_0741-150x150.jpg 150w,https:\/\/qmotive.agency\/wp-content\/uploads\/2022\/04\/IMG_0741-300x300.jpg 300w,https:\/\/qmotive.agency\/wp-content\/uploads\/2022\/04\/IMG_0741-768x768.jpg 768w,https:\/\/qmotive.agency\/wp-content\/uploads\/2022\/04\/IMG_0741-300x300.jpg 300w,https:\/\/qmotive.agency\/wp-content\/uploads\/2022\/04\/IMG_0741-1014x1014.jpg 1014w\" alt=\"IMG_0741\" width=\"300\" height=\"300\" data-ratio=\"1\" data-original-w=\"1024\" \/> <\/a><\/figure>\n<figure><a href=\"https:\/\/qmotive.agency\/wp-content\/uploads\/2022\/04\/IMG_2347.jpg\" data-elementor-open-lightbox=\"no\" data-original-width=\"399\" data-original-height=\"640\" data-caption=\"IMG_2347\"><br \/>\n<img loading=\"lazy\" src=\"https:\/\/qmotive.agency\/wp-content\/uploads\/2022\/04\/IMG_2347-300x300.jpg\" sizes=\"(max-width:767px) 100vw,(min-width:768px) and (max-width:1025px) 50vw,480px\" srcset=\"https:\/\/qmotive.agency\/wp-content\/uploads\/2022\/04\/IMG_2347-150x150.jpg 150w,https:\/\/qmotive.agency\/wp-content\/uploads\/2022\/04\/IMG_2347-300x300.jpg 300w,https:\/\/qmotive.agency\/wp-content\/uploads\/2022\/04\/IMG_2347-300x300.jpg 300w,https:\/\/qmotive.agency\/wp-content\/uploads\/2022\/04\/IMG_2347-389x389.jpg 389w\" alt=\"IMG_2347\" width=\"300\" height=\"300\" data-ratio=\"1\" data-original-w=\"399\" \/> <\/a><\/figure>\n<figure><a href=\"https:\/\/qmotive.agency\/wp-content\/uploads\/2022\/04\/36679522-08d1-48a8-847b-845edb066b70.jpeg\" data-elementor-open-lightbox=\"no\" data-original-width=\"768\" data-original-height=\"1024\" data-caption=\"36679522-08d1-48a8-847b-845edb066b70\"><br \/>\n<img loading=\"lazy\" src=\"https:\/\/qmotive.agency\/wp-content\/uploads\/2022\/04\/36679522-08d1-48a8-847b-845edb066b70-300x300.jpeg\" sizes=\"(max-width:767px) 100vw,(min-width:768px) and (max-width:1025px) 50vw,480px\" srcset=\"https:\/\/qmotive.agency\/wp-content\/uploads\/2022\/04\/36679522-08d1-48a8-847b-845edb066b70-150x150.jpeg 150w,https:\/\/qmotive.agency\/wp-content\/uploads\/2022\/04\/36679522-08d1-48a8-847b-845edb066b70-300x300.jpeg 300w,https:\/\/qmotive.agency\/wp-content\/uploads\/2022\/04\/36679522-08d1-48a8-847b-845edb066b70-300x300.jpeg 300w,https:\/\/qmotive.agency\/wp-content\/uploads\/2022\/04\/36679522-08d1-48a8-847b-845edb066b70-758x758.jpeg 758w\" alt=\"36679522-08d1-48a8-847b-845edb066b70\" width=\"300\" height=\"300\" data-ratio=\"1\" data-original-w=\"768\" \/> <\/a><\/figure>\n<figure><a href=\"https:\/\/qmotive.agency\/wp-content\/uploads\/2022\/04\/IMG_3642-1.jpg\" data-elementor-open-lightbox=\"no\" data-original-width=\"960\" data-original-height=\"1232\" data-caption=\"IMG_3642-(1)\"><br \/>\n<img loading=\"lazy\" src=\"https:\/\/qmotive.agency\/wp-content\/uploads\/2022\/04\/IMG_3642-1-300x300.jpg\" sizes=\"(max-width:767px) 100vw,(min-width:768px) and (max-width:1025px) 50vw,480px\" srcset=\"https:\/\/qmotive.agency\/wp-content\/uploads\/2022\/04\/IMG_3642-1-150x150.jpg 150w,https:\/\/qmotive.agency\/wp-content\/uploads\/2022\/04\/IMG_3642-1-300x300.jpg 300w,https:\/\/qmotive.agency\/wp-content\/uploads\/2022\/04\/IMG_3642-1-768x768.jpg 768w,https:\/\/qmotive.agency\/wp-content\/uploads\/2022\/04\/IMG_3642-1-300x300.jpg 300w,https:\/\/qmotive.agency\/wp-content\/uploads\/2022\/04\/IMG_3642-1-950x950.jpg 950w\" alt=\"IMG_3642-(1)\" width=\"300\" height=\"300\" data-ratio=\"1\" data-original-w=\"960\" \/> <\/a><\/figure>\n<\/section>\n<p><!-- widget-container --><\/p>\n<style>.aux-parent-au32d69f42 .aux-frame-ratio { padding-bottom:75% }<\/style>\n<section><img loading=\"lazy\" src=\"data:image\/gif;base64,R0lGODlhAQABAIAAAAAAAP\/\/\/yH5BAEAAAAALAAAAAABAAEAAAIBRAA7\" sizes=\"auto\" alt=\"melimel\" width=\"768\" height=\"950\" data-ratio=\"1.09\" data-original-w=\"768\" data-srcset=\"https:\/\/qmotive.agency\/wp-content\/uploads\/2022\/05\/melimel-150x137.jpg 150w,https:\/\/qmotive.agency\/wp-content\/uploads\/2022\/05\/melimel-300x275.jpg 300w,https:\/\/qmotive.agency\/wp-content\/uploads\/2022\/05\/melimel-1037x950.jpg 768w\" data-src=\"https:\/\/qmotive.agency\/wp-content\/uploads\/2022\/05\/melimel-1037x950.jpg\" \/><\/section>\n<p><!-- widget-container --><\/p>\n<section>\n<h2>Kommen Sie in unser Team<\/h2>\n<h3>KARRIERE<\/h3>\n<p>Du f\u00fchlst dich in einem kleinen Team wohl, du willst dich pers\u00f6nlich und in deiner fachlichen Kompetenz weiterentwickeln, du m\u00f6chtest aktiv und mit Selbstverantwortung deinen Arbeitsplatz mitgestalten, dann bist du bei uns genau richtig!<\/p>\n<p>Seit \u00fcber 21 Jahren setzt die Haargalerie Trends, erf\u00fcllt Haartr\u00e4ume und macht jeden Besuch unserer liebgewonnenen Kundinnen und Kunden zu einem Kurzurlaub vom Alltag.<\/p>\n<p>Daf\u00fcr brennen wir wie am ersten Tag. Das Team der Haargalerie ist authentisch, jung, jung geblieben, aufgeschlossen und leistungsorientiert.<\/p>\n<p>Wenn du dich in unserem Statement wiederfindest, dann geh\u00f6rst du einfach zu uns. Wachse mit uns gemeinsam und individuell.<\/p>\n<\/section>\n<section>\n<h2>LET&#8217;S MAKE WONDERS<\/h2>\n<p>Eine wundersch\u00f6ne Frisur, ein atemberaubendes Styling.<br \/>\nDen Look den du dir schon immer gew\u00fcnscht hast. Willkommen in der Haargalerie.<\/p>\n<\/section>\n<p><a href=\"#\"><br \/>\nStart new project<br \/>\n<\/a><\/p>\n","protected":false},"excerpt":{"rendered":"<p>\u00dcBER UNS Home Wie alles begann DIE GESCHICHTE DER HAARGALERIE Mit \u00fcber 20 Erfolgsjahren ist die Haargalerie nicht nur ein Friseur in Fellbach sondern mittlerweile eine Institution in Fellbach. Vor den Toren Stuttgarts Unser h\u00f6chstes Ziel, Sie als Kunden zu begeistern, steckt tief in unseren Genen und ist ein unverr\u00fcckbarer Bestandteil unsere Firmenphilosophie. Perfektion in [&hellip;]<\/p>\n","protected":false},"author":1,"featured_media":0,"parent":0,"menu_order":0,"comment_status":"closed","ping_status":"closed","template":"templates\/page-builder-content.php","meta":[],"_links":{"self":[{"href":"https:\/\/qmotive.agency\/index.php?rest_route=\/wp\/v2\/pages\/180"}],"collection":[{"href":"https:\/\/qmotive.agency\/index.php?rest_route=\/wp\/v2\/pages"}],"about":[{"href":"https:\/\/qmotive.agency\/index.php?rest_route=\/wp\/v2\/types\/page"}],"author":[{"embeddable":true,"href":"https:\/\/qmotive.agency\/index.php?rest_route=\/wp\/v2\/users\/1"}],"replies":[{"embeddable":true,"href":"https:\/\/qmotive.agency\/index.php?rest_route=%2Fwp%2Fv2%2Fcomments&post=180"}],"version-history":[{"count":86,"href":"https:\/\/qmotive.agency\/index.php?rest_route=\/wp\/v2\/pages\/180\/revisions"}],"predecessor-version":[{"id":1295,"href":"https:\/\/qmotive.agency\/index.php?rest_route=\/wp\/v2\/pages\/180\/revisions\/1295"}],"wp:attachment":[{"href":"https:\/\/qmotive.agency\/index.php?rest_route=%2Fwp%2Fv2%2Fmedia&parent=180"}],"curies":[{"name":"wp","href":"https:\/\/api.w.org\/{rel}","templated":true}]}}